 common divisor of t and 14.
14
Let m(d) = -12*d + 1. Let y(a) = -5*a**2 + a. Let s be y(1). Let u be m(s). What is the greatest common factor of 7 and u?
7
Suppose -4*n + 5*k + 73 = 0, 0*k + 16 = n + k. Suppose 4*l + 3*z = 62, 2*l - 4*z + 3*z - 36 = 0. Calculate the greatest common factor of l and n.
17
Let o(b) = -b + 2. Let s be o(-2). Suppose s*n = 3*c + 1, n = 3*c - 0*n - 11. What is the greatest common factor of c and 55?
5
Let q = -3 - 3. Let v be (-51)/q - 2/(-4). Let u be (-2)/2 - (-50)/5. What is the greatest common divisor of u and v?
9
Suppose 0 = -2*g + 14 + 4. Calculate the highest common factor of g and 99.
9
Let b = 50 + 104. Suppose 0 = p + p. Suppose p*z - 23 = -x + z, -3*x + 71 = -5*z. Calculate the highest common factor of x and b.
22
Suppose 0 = -2*z - x + 39, 0 = 4*x - 0*x - 12. Let c = 5 + 1. Let t be (0 + 1)/(1/c). Calculate the greatest common factor of z and t.
6
Suppose -5 = -3*i + 1. Let x be -1*i*1 + 7. Suppose 5*q - 4 = 3*q. Calculate the highest common divisor of q and x.
1
Let v(t) = t**3 - 2*t**2 + 6*t - 3. Let d be v(3). What is the greatest common divisor of 3 and d?
3
Let u(d) = -2*d + 10. Let l be u(-10). Let v be (l/(-4))/((-1)/8). What is the highest common factor of 12 and v?
12
Suppose -3*r = -7*r + 280. Let q be (22 + -20)*(0 + (1 - -6)). What is the greatest common factor of q and r?
14
Let t(b) = 2*b**3 - 3*b**2 + 3*b - 3. Suppose r + 3*d - 2*d = 1, 2*d = -2. Let v be t(r). What is the greatest common factor of 35 and v?
7
Let p be ((-24)/(-9))/(2/(-9)). Let x = 17 + p. Suppose -6*w = -w - k - 12, -20 = -5*w + x*k. Calculate the greatest common factor of w and 2.
2
Let j be (-1)/2 + (-3)/(-2). Suppose 7*c = 3*c - 2*g + 36, 0 = -4*g. What is the greatest common divisor of c and j?
1
Let h = 5 + -5. Suppose 2*f + 13 - 29 = h. Let u = f - 7. What is the highest common divisor of u and 8?
1
Let x = 18 - 71. Let w = 45 - x. What is the greatest common divisor of w and 14?
14
Let t(v) be the second derivative of 3*v**5/20 + v**3/3 - v**2 - v. Let d be t(2). Suppose 359 = 5*u + 34. Calculate the greatest common divisor of u and d.
13
Let n(p) = 3*p**2 - p - 1. Let c be n(-1). Suppose -38 = c*m - 146. Calculate the highest common divisor of m and 9.
9
Suppose -4*c - 84 = -3*r, -2*r - 2*c = -49 - 7. Calculate the greatest common divisor of 70 and r.
14
Let l be (-4)/(-3 - (1 - 3)). Suppose 7*a - 3*a - 5*x - 20 = 0, -a = -2*x - 2. What is the greatest common divisor of a and l?
2
Suppose v - 80 = 37. Let g = v - 52. Calculate the greatest common factor of g and 13.
13
Let s be (-13)/52 - 417/(-4). Calculate the highest common divisor of s and 13.
13
Let r be 0 + (-3)/(-6)*18. Let i(k) = k**2 - k - 1. Let c be i(2). Suppose 0 = -3*l + c + 80. Calculate the greatest common divisor of r and l.
9
Let k = 134 + -104. Let t be (-1 - -5)/(2/6). Calculate the highest common divisor of t and k.
6
Let b = 5 - 5. Suppose b = -5*d + 15. Let w be 0/d + 0 + 4. Calculate the highest common divisor of w and 4.
4
Suppose 3*i - 3 - 3 = 0. Let l be 2 - (3 - (1 + i)). Let u be (1 + -2)/(l/(-26)). What is the greatest common divisor of u and 65?
13
Let j be (-1)/(2 + 13/(-6)). What is the greatest common divisor of 54 and j?
6
Let y(o) = o**3 - 2*o + 1. Let j = 17 - 15. Let h be y(j). Calculate the greatest common factor of 15 and h.
5
Suppose 0*l + 4*l - 2*v - 1196 = 0, -4*v = 5*l - 1469. What is the greatest common divisor of 27 and l?
27
Let r = -32 + 70. Calculate the greatest common factor of r and 190.
38
Suppose -5*v + 0*t = -2*t - 40, 3*t - 8 = -v. What is the greatest common factor of v and 8?
8
Let l(v) = -2*v + 2. Let k = -6 - -3. Let z be l(k). Suppose 4*c = 3*c + 5*a + 61, c - 3*a = 59. What is the greatest common divisor of z and c?
8
Let h(z) = -z + 1. Let j be h(5). Let q = -1 - j. Let m(r) = -5*r**3 - 3*r**2 - 3*r - 1. Let w be m(-2). What is the highest common factor of q and w?
3
Let q(i) = -i**3 + 12*i**2 + 11*i + 18. Let b be q(13). Let s(c) = -c - 5. Let t be s(b). What is the highest common factor of 12 and t?
3
Let k = 14 - 2. Suppose 4*v + 4 = k. Calculate the highest common factor of 14 and v.
2
Let j = 4 - 1. Let y = 18 - j. Calculate the greatest common factor of y and 6.
3
Suppose 4*s + 171 - 603 = 0. Suppose -9 + 42 = 4*h + 3*n, h - 4*n = 13. Let b = h - -3. Calculate the greatest common divisor of b and s.
12
Let t be (-1)/(128/(-42) + 3). What is the greatest common factor of t and 42?
21
Let m = 88 + -52. What is the greatest common factor of 108 and m?
36
Suppose -3*n - 5*l + 105 = 0, -l + 91 = 4*n - 49. Let j(q) = -3*q - 4. Let s be j(-3). Calculate the greatest common factor of s and n.
5
Let b = -307 - -487. Suppose 4*t + n = b, 8*n = t + 3*n - 45. Calculate the highest common factor of t and 5.
5
Let q(c) = -c**3 - c**2 + 4*c + 4. Let a = -11 - -7. Let t be q(a). Let i = -718 - -727. What is the greatest common divisor of i and t?
9
Suppose -8*y = -11*y - 6. Let s be 1 - 0 - 196/y. Calculate the highest common factor of 11 and s.
11
Let u be (-2 - -11)*2/6. Suppose u*o + 2*o - 240 = 0. What is the highest common factor of 16 and o?
16
Let j = -38 + 63. What is the highest common divisor of j and 5?
5
Suppose 7*l = 3*l + 16. Calculate the highest common divisor of 4 and l.
4
Let g = 55 + -48. What is the highest common divisor of 14 and g?
7
Let p = 4 - 2. Suppose 2*a = w + 4, -a + p*w = 2 - 1. Let o be (-1)/2 + 20/8. Calculate the highest common factor of a and o.
1
Suppose 0 = 3*u + 2*u + 125. Let k = -20 - u. Calculate the highest common divisor of 45 and k.
5
Let q = 19 - 45. Let t be (2*q)/(-2) + -2. Calculate the greatest common factor of t and 120.
24
Let p(c) = -2*c**3 + 12*c**2 + 8*c + 6. Let n be p(6). Calculate the highest common factor of n and 27.
27
Suppose 2*n - 8 = 0, -z = -2*n + 4*n - 25. Calculate the greatest common divisor of 68 and z.
17
Suppose -4*o - 5*s - 66 = -2*s, -3*s + 54 = -4*o. Let x(v) = -v**3 - 15*v**2 - v - 1. Let t be x(o). Calculate the highest common factor of t and 70.
14
Let r(y) = 5*y**2 - 7*y - 10. Let u be r(-4). Let x be -2*2*(-5)/4. Suppose -x*w + 86 - 16 = 0. What is the greatest common factor of u and w?
14
Let z(y) = 0 - 3*y - 2 - 7*y. Let s be z(-5). Suppose -3*a = -5*n - 214, -a + s = -2*n + 5*n. Calculate the greatest common factor of a and 9.
9
Let a(x) = -10*x**2 + 31*x - 26. Let v(t) = -3*t**2 + 10*t - 9. Let n(j) = 2*a(j) - 7*v(j). Let f be n(8). What is the greatest common factor of f and 55?
11
Let c(q) = -q - 11. Let p be c(-11). Suppose p = -5*z + 4*b + 51, -2 = -2*z + b + 19. Calculate the greatest common divisor of z and 99.
11
Let c(g) = g**2 + 22*g - 20. Let m be c(-23). Let v = -4 - -7. Calculate the greatest common factor of v and m.
3
Let t = 7 - 4. Suppose 5*g - 58 - 57 = 4*l, 5*l - 133 = -4*g. What is the greatest common factor of g and t?
3
Let g = 2 - -4. Suppose -5*i - g = -36. Suppose h + 4*c - 54 = c, -2*h - c = -128. What is the highest common factor of i and h?
6
Let x be (-1 + 15)/((-1)/(-2)). Let z(y) = -y**2 - 10*y + 25. Let u be z(-11). What is the greatest common divisor of x and u?
14
Let g = -5 + 9. Suppose g*v = 0, -4*c - 5*v + 15 = -c. Let z be (5/3)/(47/1551). Calculate the greatest common divisor of c and z.
5
Let p = 4 - -1. Let y be p*((-4)/(-10) - 0). Calculate the highest common divisor of y and 2.
2
Let j(y) = 2*y - 6. Suppose -5*r + 30 = 5*q, 7 = 3*r + 1. Let a be j(q). Suppose 0*z + a*z = 54. Calculate the highest common divisor of 3 and z.
3
Suppose -26*q = -6*q - 600. Let i be (18/8)/(1/(-4)). Let u = i - -21. Calculate the highest common factor of u and q.
6
Suppose 2*h + 2*j - 12 - 22 = 0, 4*h - 4*j - 92 = 0. Calculate the highest common factor of 200 and h.
20
Let w = 6 - 5. Let m = 3 - w. Let i be m/8 - 223/(-4). Calculate the greatest common factor of i and 7.
7
Let f be 244/10 + 18/30. Calculate the greatest common factor of 10 and f.
5
Suppose c - 4 = -c. Suppose d = c*d. Let q be (d + -6)/(2/(-6)). What is the highest common factor of 6 and q?
6
Let j(u) = -22*u + 20. Let r be j(-13). Calculate the greatest common divisor of 18 and r.
18
Let w be (-9)/(-2) - (-3)/(-6). Suppose q - 5*b + 6 = 0, w*q = 3*b - 5*b + 64. What is the highest common factor of q and 14?
14
Let f be (-10)/(-3)*(-12)/